{"id":2374,"date":"2021-09-03T13:31:51","date_gmt":"2021-09-03T11:31:51","guid":{"rendered":"https:\/\/hs-shoppen.dk\/?post_type=product&#038;p=2374"},"modified":"2023-03-13T16:35:21","modified_gmt":"2023-03-13T15:35:21","slug":"smart-vinterstoevle-med-c-texi-membran-fra-sprox-til-super-skarp-pris","status":"publish","type":"product","link":"https:\/\/hs-shoppen.dk\/index.php\/vare\/smart-vinterstoevle-med-c-texi-membran-fra-sprox-til-super-skarp-pris\/","title":{"rendered":"Smart vinterst\u00f8vle med c-texi membran fra SPROX til super skarp pris nu 100kr"},"content":{"rendered":"<p>Her f\u00e5r du virkelig meget for pengene:<\/p>\n<p>Smart foret vandt\u00e6t pige vinterst\u00f8vle &#8211; L\u00c6KKER OG LET &#8211; til al slags efter\u00e5rs og vintervejr &#8211; l\u00e6kkert fleecefor, f\u00e5s\u00a0 i str. 35-39, velcrolukning<\/p>\n","protected":false},"excerpt":{"rendered":"<p>Her f\u00e5r du virkelig meget for pengene:<\/p>\n<p>Smart foret vandt\u00e6t pige vinterst\u00f8vle \u2013 L\u00c6KKER OG LET \u2013 til al slags efter\u00e5rs og vintervejr \u2013 l\u00e6kkert fleecefor, f\u00e5s\u00a0 i str. 35-39<\/p>\n","protected":false},"featured_media":2389,"comment_status":"open","ping_status":"closed","template":"","meta":[],"product_brand":[],"product_cat":[20],"product_tag":[73,44,231,172,90,72],"class_list":{"0":"post-2374","1":"product","2":"type-product","3":"status-publish","4":"has-post-thumbnail","6":"product_cat-pigefodtoej","7":"product_tag-foret","8":"product_tag-sort","9":"product_tag-sort-med-skrift","10":"product_tag-sprox","11":"product_tag-stoevle","12":"product_tag-vandtaet","13":"pa_stoerrelse-75","14":"pa_stoerrelse-38","15":"pa_stoerrelse-32","16":"pa_stoerrelse-39","17":"pa_stoerrelse-33","19":"first","20":"instock","21":"sale","22":"purchasable","23":"product-type-variable"},"jetpack_sharing_enabled":true,"_links":{"self":[{"href":"https:\/\/hs-shoppen.dk\/index.php\/wp-json\/wp\/v2\/product\/2374","targetHints":{"allow":["GET"]}}],"collection":[{"href":"https:\/\/hs-shoppen.dk\/index.php\/wp-json\/wp\/v2\/product"}],"about":[{"href":"https:\/\/hs-shoppen.dk\/index.php\/wp-json\/wp\/v2\/types\/product"}],"replies":[{"embeddable":true,"href":"https:\/\/hs-shoppen.dk\/index.php\/wp-json\/wp\/v2\/comments?post=2374"}],"wp:featuredmedia":[{"embeddable":true,"href":"https:\/\/hs-shoppen.dk\/index.php\/wp-json\/wp\/v2\/media\/2389"}],"wp:attachment":[{"href":"https:\/\/hs-shoppen.dk\/index.php\/wp-json\/wp\/v2\/media?parent=2374"}],"wp:term":[{"taxonomy":"product_brand","embeddable":true,"href":"https:\/\/hs-shoppen.dk\/index.php\/wp-json\/wp\/v2\/product_brand?post=2374"},{"taxonomy":"product_cat","embeddable":true,"href":"https:\/\/hs-shoppen.dk\/index.php\/wp-json\/wp\/v2\/product_cat?post=2374"},{"taxonomy":"product_tag","embeddable":true,"href":"https:\/\/hs-shoppen.dk\/index.php\/wp-json\/wp\/v2\/product_tag?post=2374"}],"curies":[{"name":"wp","href":"https:\/\/api.w.org\/{rel}","templated":true}]}}