{"id":2791,"date":"2021-11-12T16:37:11","date_gmt":"2021-11-12T15:37:11","guid":{"rendered":"https:\/\/hs-shoppen.dk\/?post_type=product&#038;p=2791"},"modified":"2024-08-18T00:34:59","modified_gmt":"2024-08-17T22:34:59","slug":"nyhed-smarte-lange-laeder-stoevler-i-flot-brun-med-hael-og-lynlaas-skarp-pris","status":"publish","type":"product","link":"https:\/\/hs-shoppen.dk\/index.php\/vare\/nyhed-smarte-lange-laeder-stoevler-i-flot-brun-med-hael-og-lynlaas-skarp-pris\/","title":{"rendered":"NYHED: Smarte lange l\u00e6der st\u00f8vler i flot brun, med h\u00e6l og lynl\u00e5s, skarp pris 100kr"},"content":{"rendered":"<p>Smarte lange st\u00f8vler i flot brun med lynl\u00e5s p\u00e5 indersiden, mange flotte lyse syninger og detaljer, skal ses p\u00e5, f\u00e5s i str. 36-41. l\u00e6der<\/p>\n<p>OBS smalle i skaftet<\/p>\n<p><i style=\"font-weight: bold;\">Lidt sm\u00e5 i str.\u00a0<\/i><\/p>\n","protected":false},"excerpt":{"rendered":"<p>Smarte lange st\u00f8vler i flot brun med lynl\u00e5s p\u00e5 indersiden, mange flotte lyse syninger og detaljer, skal ses p\u00e5, f\u00e5s i str. 36-41. l\u00e6der OBS smalle i skaftet Lidt sm\u00e5 i str.\u00a0<\/p>\n","protected":false},"featured_media":2798,"comment_status":"open","ping_status":"closed","template":"","meta":[],"product_brand":[],"product_cat":[16,20],"product_tag":[30,253,140,176,90,125],"class_list":{"0":"post-2791","1":"product","2":"type-product","3":"status-publish","4":"has-post-thumbnail","6":"product_cat-dame-fodtoej","7":"product_cat-pigefodtoej","8":"product_tag-damestoevle","9":"product_tag-efteraar","10":"product_tag-hael","11":"product_tag-lynlaas","12":"product_tag-stoevle","13":"product_tag-vinterstoevle","14":"pa_stoerrelse-38","15":"pa_stoerrelse-32","16":"pa_stoerrelse-39","17":"pa_stoerrelse-33","18":"pa_stoerrelse-36","19":"pa_stoerrelse-37","21":"first","22":"instock","23":"sale","24":"purchasable","25":"product-type-variable"},"jetpack_sharing_enabled":true,"_links":{"self":[{"href":"https:\/\/hs-shoppen.dk\/index.php\/wp-json\/wp\/v2\/product\/2791","targetHints":{"allow":["GET"]}}],"collection":[{"href":"https:\/\/hs-shoppen.dk\/index.php\/wp-json\/wp\/v2\/product"}],"about":[{"href":"https:\/\/hs-shoppen.dk\/index.php\/wp-json\/wp\/v2\/types\/product"}],"replies":[{"embeddable":true,"href":"https:\/\/hs-shoppen.dk\/index.php\/wp-json\/wp\/v2\/comments?post=2791"}],"wp:featuredmedia":[{"embeddable":true,"href":"https:\/\/hs-shoppen.dk\/index.php\/wp-json\/wp\/v2\/media\/2798"}],"wp:attachment":[{"href":"https:\/\/hs-shoppen.dk\/index.php\/wp-json\/wp\/v2\/media?parent=2791"}],"wp:term":[{"taxonomy":"product_brand","embeddable":true,"href":"https:\/\/hs-shoppen.dk\/index.php\/wp-json\/wp\/v2\/product_brand?post=2791"},{"taxonomy":"product_cat","embeddable":true,"href":"https:\/\/hs-shoppen.dk\/index.php\/wp-json\/wp\/v2\/product_cat?post=2791"},{"taxonomy":"product_tag","embeddable":true,"href":"https:\/\/hs-shoppen.dk\/index.php\/wp-json\/wp\/v2\/product_tag?post=2791"}],"curies":[{"name":"wp","href":"https:\/\/api.w.org\/{rel}","templated":true}]}}